{"id":314,"date":"2022-10-14T11:38:40","date_gmt":"2022-10-14T11:38:40","guid":{"rendered":"https:\/\/www.maestosoinconcert.com\/maestoso\/?page_id=314"},"modified":"2022-10-14T14:27:03","modified_gmt":"2022-10-14T14:27:03","slug":"reitangebote","status":"publish","type":"page","link":"https:\/\/www.maestosoinconcert.com\/maestoso\/reitangebote\/","title":{"rendered":"Reitangebote"},"content":{"rendered":"\t\t<div data-elementor-type=\"wp-page\" data-elementor-id=\"314\" class=\"elementor elementor-314\">\n\t\t\t\t\t\t\t\t\t<section class=\"elementor-section elementor-top-section elementor-element elementor-element-5828a9e elementor-section-boxed elementor-section-height-default elementor-section-height-default\" data-id=\"5828a9e\" data-element_type=\"section\">\n\t\t\t\t\t\t<div class=\"elementor-container elementor-column-gap-default\">\n\t\t\t\t\t<div class=\"elementor-column elementor-col-50 elementor-top-column elementor-element elementor-element-b64eaa5\" data-id=\"b64eaa5\" data-element_type=\"column\">\n\t\t\t<div class=\"elementor-widget-wrap elementor-element-populated\">\n\t\t\t\t\t\t\t\t<div class=\"elementor-element elementor-element-2252911 elementor-widget elementor-widget-text-editor\" data-id=\"2252911\" data-element_type=\"widget\" data-widget_type=\"text-editor.default\">\n\t\t\t\t<div class=\"elementor-widget-container\">\n\t\t\t\t\t\t\t<p>Erste Erfahrungen mit dem Pferd. Verliere Deine Scheu, Beschnuppern, Anf\u00fchlen, eins werden mit Maestoso, meinem schwarzen Lippizaner&#8230;.<\/p>\t\t\t\t\t\t<\/div>\n\t\t\t\t<\/div>\n\t\t\t\t\t<\/div>\n\t\t<\/div>\n\t\t\t\t<div class=\"elementor-column elementor-col-50 elementor-top-column elementor-element elementor-element-ceea4a4\" data-id=\"ceea4a4\" data-element_type=\"column\">\n\t\t\t<div class=\"elementor-widget-wrap elementor-element-populated\">\n\t\t\t\t\t\t\t\t<div class=\"elementor-element elementor-element-5929ea4 elementor-widget elementor-widget-image\" data-id=\"5929ea4\" data-element_type=\"widget\" data-widget_type=\"image.default\">\n\t\t\t\t<div class=\"elementor-widget-container\">\n\t\t\t\t\t\t\t\t\t\t\t\t\t\t\t<img decoding=\"async\" loading=\"lazy\" width=\"750\" height=\"563\" src=\"https:\/\/www.maestosoinconcert.com\/maestoso\/wp-content\/uploads\/2022\/10\/IMG-20220606-WA000413804.jpg\" class=\"attachment-large size-large wp-image-319\" alt=\"Reiten\" srcset=\"https:\/\/www.maestosoinconcert.com\/maestoso\/wp-content\/uploads\/2022\/10\/IMG-20220606-WA000413804.jpg 1024w, https:\/\/www.maestosoinconcert.com\/maestoso\/wp-content\/uploads\/2022\/10\/IMG-20220606-WA000413804-300x225.jpg 300w, https:\/\/www.maestosoinconcert.com\/maestoso\/wp-content\/uploads\/2022\/10\/IMG-20220606-WA000413804-768x576.jpg 768w\" sizes=\"(max-width: 750px) 100vw, 750px\" style=\"width:100%;height:75%;max-width:1024px\" \/>\t\t\t\t\t\t\t\t\t\t\t\t\t\t\t<\/div>\n\t\t\t\t<\/div>\n\t\t\t\t\t<\/div>\n\t\t<\/div>\n\t\t\t\t\t\t\t<\/div>\n\t\t<\/section>\n\t\t\t\t<section class=\"elementor-section elementor-top-section elementor-element elementor-element-69c3f26 elementor-section-boxed elementor-section-height-default elementor-section-height-default\" data-id=\"69c3f26\" data-element_type=\"section\">\n\t\t\t\t\t\t<div class=\"elementor-container elementor-column-gap-default\">\n\t\t\t\t\t<div class=\"elementor-column elementor-col-50 elementor-top-column elementor-element elementor-element-0ec8179\" data-id=\"0ec8179\" data-element_type=\"column\">\n\t\t\t<div class=\"elementor-widget-wrap elementor-element-populated\">\n\t\t\t\t\t\t\t\t<div class=\"elementor-element elementor-element-8455359 elementor-widget elementor-widget-image\" data-id=\"8455359\" data-element_type=\"widget\" data-widget_type=\"image.default\">\n\t\t\t\t<div class=\"elementor-widget-container\">\n\t\t\t\t\t\t\t\t\t\t\t\t\t\t\t<img decoding=\"async\" loading=\"lazy\" width=\"462\" height=\"1024\" src=\"https:\/\/www.maestosoinconcert.com\/maestoso\/wp-content\/uploads\/2022\/10\/20220704_19555713828-462x1024.jpg\" class=\"attachment-large size-large wp-image-320\" alt=\"Reiten\" srcset=\"https:\/\/www.maestosoinconcert.com\/maestoso\/wp-content\/uploads\/2022\/10\/20220704_19555713828-462x1024.jpg 462w, https:\/\/www.maestosoinconcert.com\/maestoso\/wp-content\/uploads\/2022\/10\/20220704_19555713828-135x300.jpg 135w, https:\/\/www.maestosoinconcert.com\/maestoso\/wp-content\/uploads\/2022\/10\/20220704_19555713828-768x1704.jpg 768w, https:\/\/www.maestosoinconcert.com\/maestoso\/wp-content\/uploads\/2022\/10\/20220704_19555713828-692x1536.jpg 692w, https:\/\/www.maestosoinconcert.com\/maestoso\/wp-content\/uploads\/2022\/10\/20220704_19555713828-923x2048.jpg 923w, https:\/\/www.maestosoinconcert.com\/maestoso\/wp-content\/uploads\/2022\/10\/20220704_19555713828.jpg 1024w\" sizes=\"(max-width: 462px) 100vw, 462px\" style=\"width:100%;height:221.88%;max-width:1024px\" \/>\t\t\t\t\t\t\t\t\t\t\t\t\t\t\t<\/div>\n\t\t\t\t<\/div>\n\t\t\t\t\t<\/div>\n\t\t<\/div>\n\t\t\t\t<div class=\"elementor-column elementor-col-50 elementor-top-column elementor-element elementor-element-40790c4\" data-id=\"40790c4\" data-element_type=\"column\">\n\t\t\t<div class=\"elementor-widget-wrap elementor-element-populated\">\n\t\t\t\t\t\t\t\t<div class=\"elementor-element elementor-element-a1363fb elementor-widget elementor-widget-text-editor\" data-id=\"a1363fb\" data-element_type=\"widget\" data-widget_type=\"text-editor.default\">\n\t\t\t\t<div class=\"elementor-widget-container\">\n\t\t\t\t\t\t\t<p>Reiten von der allerersten Stunde, bis Du Dich richtig sicher im Sattel f\u00fchlst.<\/p><p>\u00a0<\/p><p>Steigerung der Lebensqualit\u00e4t durch spannende und erf\u00fcllende Momente auf &#8211; und mit &#8211; diesem wunderbaren Pferd.<\/p>\t\t\t\t\t\t<\/div>\n\t\t\t\t<\/div>\n\t\t\t\t\t<\/div>\n\t\t<\/div>\n\t\t\t\t\t\t\t<\/div>\n\t\t<\/section>\n\t\t\t\t<section class=\"elementor-section elementor-top-section elementor-element elementor-element-2bbfb35 elementor-section-boxed elementor-section-height-default elementor-section-height-default\" data-id=\"2bbfb35\" data-element_type=\"section\">\n\t\t\t\t\t\t<div class=\"elementor-container elementor-column-gap-default\">\n\t\t\t\t\t<div class=\"elementor-column elementor-col-50 elementor-top-column elementor-element elementor-element-1660433\" data-id=\"1660433\" data-element_type=\"column\">\n\t\t\t<div class=\"elementor-widget-wrap elementor-element-populated\">\n\t\t\t\t\t\t\t\t<div class=\"elementor-element elementor-element-36be0ad elementor-widget elementor-widget-text-editor\" data-id=\"36be0ad\" data-element_type=\"widget\" data-widget_type=\"text-editor.default\">\n\t\t\t\t<div class=\"elementor-widget-container\">\n\t\t\t\t\t\t\t<p>Gef\u00fchrte Ausritte! Erlebe Dich und das Pferd in der Natur. Es gibt so viel zu Erfahren, Erleben und zu Entdecken.<\/p>\t\t\t\t\t\t<\/div>\n\t\t\t\t<\/div>\n\t\t\t\t\t<\/div>\n\t\t<\/div>\n\t\t\t\t<div class=\"elementor-column elementor-col-50 elementor-top-column elementor-element elementor-element-7687909\" data-id=\"7687909\" data-element_type=\"column\">\n\t\t\t<div class=\"elementor-widget-wrap elementor-element-populated\">\n\t\t\t\t\t\t\t\t<div class=\"elementor-element elementor-element-ebfa151 elementor-widget elementor-widget-image\" data-id=\"ebfa151\" data-element_type=\"widget\" data-widget_type=\"image.default\">\n\t\t\t\t<div class=\"elementor-widget-container\">\n\t\t\t\t\t\t\t\t\t\t\t\t\t\t\t<img decoding=\"async\" loading=\"lazy\" width=\"750\" height=\"338\" src=\"https:\/\/www.maestosoinconcert.com\/maestoso\/wp-content\/uploads\/2022\/10\/20220408_15363613835.jpg\" class=\"attachment-large size-large wp-image-316\" alt=\"Reiten\" srcset=\"https:\/\/www.maestosoinconcert.com\/maestoso\/wp-content\/uploads\/2022\/10\/20220408_15363613835.jpg 1024w, https:\/\/www.maestosoinconcert.com\/maestoso\/wp-content\/uploads\/2022\/10\/20220408_15363613835-300x135.jpg 300w, https:\/\/www.maestosoinconcert.com\/maestoso\/wp-content\/uploads\/2022\/10\/20220408_15363613835-768x346.jpg 768w\" sizes=\"(max-width: 750px) 100vw, 750px\" style=\"width:100%;height:45.02%;max-width:1024px\" \/>\t\t\t\t\t\t\t\t\t\t\t\t\t\t\t<\/div>\n\t\t\t\t<\/div>\n\t\t\t\t\t<\/div>\n\t\t<\/div>\n\t\t\t\t\t\t\t<\/div>\n\t\t<\/section>\n\t\t\t\t<section class=\"elementor-section elementor-top-section elementor-element elementor-element-dd4b4d2 elementor-section-full_width elementor-section-height-default elementor-section-height-default\" data-id=\"dd4b4d2\" data-element_type=\"section\">\n\t\t\t\t\t\t<div class=\"elementor-container elementor-column-gap-default\">\n\t\t\t\t\t<div class=\"elementor-column elementor-col-100 elementor-top-column elementor-element elementor-element-dc17ec9\" data-id=\"dc17ec9\" data-element_type=\"column\">\n\t\t\t<div class=\"elementor-widget-wrap elementor-element-populated\">\n\t\t\t\t\t\t\t\t<div class=\"elementor-element elementor-element-22e9fa4 elementor-widget elementor-widget-image-gallery\" data-id=\"22e9fa4\" data-element_type=\"widget\" data-widget_type=\"image-gallery.default\">\n\t\t\t\t<div class=\"elementor-widget-container\">\n\t\t\t\t\t<div class=\"elementor-image-gallery\">\n\t\t\t<div id='gallery-1' class='gallery galleryid-314 gallery-columns-3 gallery-size-thumbnail'><figure class='gallery-item'>\n\t\t\t<div class='gallery-icon landscape'>\n\t\t\t\t<a data-elementor-open-lightbox=\"yes\" data-elementor-lightbox-slideshow=\"22e9fa4\" data-elementor-lightbox-title=\"20220408_153629[13836]\" e-action-hash=\"#elementor-action%3Aaction%3Dlightbox%26settings%3DeyJpZCI6MzIxLCJ1cmwiOiJodHRwczpcL1wvd3d3Lm1hZXN0b3NvaW5jb25jZXJ0LmNvbVwvbWFlc3Rvc29cL3dwLWNvbnRlbnRcL3VwbG9hZHNcLzIwMjJcLzEwXC8yMDIyMDQwOF8xNTM2MjkxMzgzNi5qcGciLCJzbGlkZXNob3ciOiIyMmU5ZmE0In0%3D\" href='https:\/\/www.maestosoinconcert.com\/maestoso\/wp-content\/uploads\/2022\/10\/20220408_15362913836.jpg'><img width=\"150\" height=\"150\" src=\"https:\/\/www.maestosoinconcert.com\/maestoso\/wp-content\/uploads\/2022\/10\/20220408_15362913836-150x150.jpg\" class=\"attachment-thumbnail size-thumbnail\" alt=\"Reiten\" decoding=\"async\" loading=\"lazy\" style=\"width:100%;height:45.12%;max-width:1024px;\" \/><\/a>\n\t\t\t<\/div><\/figure><figure class='gallery-item'>\n\t\t\t<div class='gallery-icon portrait'>\n\t\t\t\t<a data-elementor-open-lightbox=\"yes\" data-elementor-lightbox-slideshow=\"22e9fa4\" data-elementor-lightbox-title=\"20220225_143742[13826]\" e-action-hash=\"#elementor-action%3Aaction%3Dlightbox%26settings%3DeyJpZCI6MzE4LCJ1cmwiOiJodHRwczpcL1wvd3d3Lm1hZXN0b3NvaW5jb25jZXJ0LmNvbVwvbWFlc3Rvc29cL3dwLWNvbnRlbnRcL3VwbG9hZHNcLzIwMjJcLzEwXC8yMDIyMDIyNV8xNDM3NDIxMzgyNi5qcGciLCJzbGlkZXNob3ciOiIyMmU5ZmE0In0%3D\" href='https:\/\/www.maestosoinconcert.com\/maestoso\/wp-content\/uploads\/2022\/10\/20220225_14374213826.jpg'><img width=\"150\" height=\"150\" src=\"https:\/\/www.maestosoinconcert.com\/maestoso\/wp-content\/uploads\/2022\/10\/20220225_14374213826-150x150.jpg\" class=\"attachment-thumbnail size-thumbnail\" alt=\"Reiten\" decoding=\"async\" loading=\"lazy\" style=\"width:100%;height:133.3%;max-width:1024px;\" \/><\/a>\n\t\t\t<\/div><\/figure><figure class='gallery-item'>\n\t\t\t<div class='gallery-icon portrait'>\n\t\t\t\t<a data-elementor-open-lightbox=\"yes\" data-elementor-lightbox-slideshow=\"22e9fa4\" data-elementor-lightbox-title=\"20220304_160654[13827]\" e-action-hash=\"#elementor-action%3Aaction%3Dlightbox%26settings%3DeyJpZCI6MzE3LCJ1cmwiOiJodHRwczpcL1wvd3d3Lm1hZXN0b3NvaW5jb25jZXJ0LmNvbVwvbWFlc3Rvc29cL3dwLWNvbnRlbnRcL3VwbG9hZHNcLzIwMjJcLzEwXC8yMDIyMDMwNF8xNjA2NTQxMzgyNy5qcGciLCJzbGlkZXNob3ciOiIyMmU5ZmE0In0%3D\" href='https:\/\/www.maestosoinconcert.com\/maestoso\/wp-content\/uploads\/2022\/10\/20220304_16065413827.jpg'><img width=\"150\" height=\"150\" src=\"https:\/\/www.maestosoinconcert.com\/maestoso\/wp-content\/uploads\/2022\/10\/20220304_16065413827-150x150.jpg\" class=\"attachment-thumbnail size-thumbnail\" alt=\"Reiten\" decoding=\"async\" loading=\"lazy\" style=\"width:100%;height:133.3%;max-width:1024px;\" \/><\/a>\n\t\t\t<\/div><\/figure>\n\t\t<\/div>\n\t\t<\/div>\n\t\t\t\t<\/div>\n\t\t\t\t<\/div>\n\t\t\t\t\t<\/div>\n\t\t<\/div>\n\t\t\t\t\t\t\t<\/div>\n\t\t<\/section>\n\t\t\t\t\t\t\t<\/div>\n\t\t","protected":false},"excerpt":{"rendered":"<p>Erste Erfahrungen mit dem Pferd. Verliere Deine Scheu, Beschnuppern, Anf\u00fchlen, eins werden mit Maestoso, meinem schwarzen Lippizaner&#8230;. Reiten von der allerersten Stunde, bis Du Dich richtig sicher im Sattel f\u00fchlst. \u00a0 Steigerung der Lebensqualit\u00e4t durch spannende und erf\u00fcllende Momente auf &#8211; und mit &#8211; diesem wunderbaren Pferd. Gef\u00fchrte Ausritte! Erlebe Dich und das Pferd in&hellip; <a class=\"more-link\" href=\"https:\/\/www.maestosoinconcert.com\/maestoso\/reitangebote\/\"><span class=\"screen-reader-text\">Reitangebote<\/span> weiterlesen<\/a><\/p>\n","protected":false},"author":1,"featured_media":0,"parent":0,"menu_order":0,"comment_status":"closed","ping_status":"closed","template":"","meta":{"footnotes":""},"_links":{"self":[{"href":"https:\/\/www.maestosoinconcert.com\/maestoso\/wp-json\/wp\/v2\/pages\/314"}],"collection":[{"href":"https:\/\/www.maestosoinconcert.com\/maestoso\/wp-json\/wp\/v2\/pages"}],"about":[{"href":"https:\/\/www.maestosoinconcert.com\/maestoso\/wp-json\/wp\/v2\/types\/page"}],"author":[{"embeddable":true,"href":"https:\/\/www.maestosoinconcert.com\/maestoso\/wp-json\/wp\/v2\/users\/1"}],"replies":[{"embeddable":true,"href":"https:\/\/www.maestosoinconcert.com\/maestoso\/wp-json\/wp\/v2\/comments?post=314"}],"version-history":[{"count":13,"href":"https:\/\/www.maestosoinconcert.com\/maestoso\/wp-json\/wp\/v2\/pages\/314\/revisions"}],"predecessor-version":[{"id":389,"href":"https:\/\/www.maestosoinconcert.com\/maestoso\/wp-json\/wp\/v2\/pages\/314\/revisions\/389"}],"wp:attachment":[{"href":"https:\/\/www.maestosoinconcert.com\/maestoso\/wp-json\/wp\/v2\/media?parent=314"}],"curies":[{"name":"wp","href":"https:\/\/api.w.org\/{rel}","templated":true}]}}