{"id":343,"date":"2022-10-14T13:18:03","date_gmt":"2022-10-14T13:18:03","guid":{"rendered":"https:\/\/www.maestosoinconcert.com\/maestoso\/?page_id=343"},"modified":"2022-10-14T13:29:18","modified_gmt":"2022-10-14T13:29:18","slug":"integrative-paedagogik-mit-dem-pferd","status":"publish","type":"page","link":"https:\/\/www.maestosoinconcert.com\/maestoso\/integrative-paedagogik-mit-dem-pferd\/","title":{"rendered":"Integrative P\u00e4dagogik mit dem Pferd"},"content":{"rendered":"\t\t<div data-elementor-type=\"wp-page\" data-elementor-id=\"343\" class=\"elementor elementor-343\">\n\t\t\t\t\t\t\t\t\t<section class=\"elementor-section elementor-top-section elementor-element elementor-element-28c5511 elementor-section-boxed elementor-section-height-default elementor-section-height-default\" data-id=\"28c5511\" data-element_type=\"section\">\n\t\t\t\t\t\t<div class=\"elementor-container elementor-column-gap-default\">\n\t\t\t\t\t<div class=\"elementor-column elementor-col-50 elementor-top-column elementor-element elementor-element-a8ea31e\" data-id=\"a8ea31e\" data-element_type=\"column\">\n\t\t\t<div class=\"elementor-widget-wrap elementor-element-populated\">\n\t\t\t\t\t\t\t\t<div class=\"elementor-element elementor-element-8962d85 elementor-widget elementor-widget-image\" data-id=\"8962d85\" data-element_type=\"widget\" data-widget_type=\"image.default\">\n\t\t\t\t<div class=\"elementor-widget-container\">\n\t\t\t\t\t\t\t\t\t\t\t\t\t\t\t<img decoding=\"async\" loading=\"lazy\" width=\"750\" height=\"338\" src=\"https:\/\/www.maestosoinconcert.com\/maestoso\/wp-content\/uploads\/2022\/10\/Integrativ004.jpg\" class=\"attachment-large size-large wp-image-345\" alt=\"\" srcset=\"https:\/\/www.maestosoinconcert.com\/maestoso\/wp-content\/uploads\/2022\/10\/Integrativ004.jpg 1024w, https:\/\/www.maestosoinconcert.com\/maestoso\/wp-content\/uploads\/2022\/10\/Integrativ004-300x135.jpg 300w, https:\/\/www.maestosoinconcert.com\/maestoso\/wp-content\/uploads\/2022\/10\/Integrativ004-768x346.jpg 768w\" sizes=\"(max-width: 750px) 100vw, 750px\" style=\"width:100%;height:45.02%;max-width:1024px\" \/>\t\t\t\t\t\t\t\t\t\t\t\t\t\t\t<\/div>\n\t\t\t\t<\/div>\n\t\t\t\t\t<\/div>\n\t\t<\/div>\n\t\t\t\t<div class=\"elementor-column elementor-col-50 elementor-top-column elementor-element elementor-element-0ee3831\" data-id=\"0ee3831\" data-element_type=\"column\">\n\t\t\t<div class=\"elementor-widget-wrap elementor-element-populated\">\n\t\t\t\t\t\t\t\t<div class=\"elementor-element elementor-element-f51d7d3 elementor-widget elementor-widget-image\" data-id=\"f51d7d3\" data-element_type=\"widget\" data-widget_type=\"image.default\">\n\t\t\t\t<div class=\"elementor-widget-container\">\n\t\t\t\t\t\t\t\t\t\t\t\t\t\t\t<img decoding=\"async\" loading=\"lazy\" width=\"750\" height=\"500\" src=\"https:\/\/www.maestosoinconcert.com\/maestoso\/wp-content\/uploads\/2022\/10\/Integrativ002.jpg\" class=\"attachment-large size-large wp-image-347\" alt=\"\" srcset=\"https:\/\/www.maestosoinconcert.com\/maestoso\/wp-content\/uploads\/2022\/10\/Integrativ002.jpg 1024w, https:\/\/www.maestosoinconcert.com\/maestoso\/wp-content\/uploads\/2022\/10\/Integrativ002-300x200.jpg 300w, https:\/\/www.maestosoinconcert.com\/maestoso\/wp-content\/uploads\/2022\/10\/Integrativ002-768x512.jpg 768w\" sizes=\"(max-width: 750px) 100vw, 750px\" style=\"width:100%;height:66.6%;max-width:1024px\" \/>\t\t\t\t\t\t\t\t\t\t\t\t\t\t\t<\/div>\n\t\t\t\t<\/div>\n\t\t\t\t\t<\/div>\n\t\t<\/div>\n\t\t\t\t\t\t\t<\/div>\n\t\t<\/section>\n\t\t\t\t<section class=\"elementor-section elementor-top-section elementor-element elementor-element-c77323d elementor-section-boxed elementor-section-height-default elementor-section-height-default\" data-id=\"c77323d\" data-element_type=\"section\">\n\t\t\t\t\t\t<div class=\"elementor-container elementor-column-gap-default\">\n\t\t\t\t\t<div class=\"elementor-column elementor-col-50 elementor-top-column elementor-element elementor-element-87c9a15\" data-id=\"87c9a15\" data-element_type=\"column\">\n\t\t\t<div class=\"elementor-widget-wrap elementor-element-populated\">\n\t\t\t\t\t\t\t\t<div class=\"elementor-element elementor-element-7f9744d elementor-widget elementor-widget-image\" data-id=\"7f9744d\" data-element_type=\"widget\" data-widget_type=\"image.default\">\n\t\t\t\t<div class=\"elementor-widget-container\">\n\t\t\t\t\t\t\t\t\t\t\t\t\t\t\t<img decoding=\"async\" loading=\"lazy\" width=\"750\" height=\"338\" src=\"https:\/\/www.maestosoinconcert.com\/maestoso\/wp-content\/uploads\/2022\/10\/Integrativ005.jpg\" class=\"attachment-large size-large wp-image-349\" alt=\"\" srcset=\"https:\/\/www.maestosoinconcert.com\/maestoso\/wp-content\/uploads\/2022\/10\/Integrativ005.jpg 1024w, https:\/\/www.maestosoinconcert.com\/maestoso\/wp-content\/uploads\/2022\/10\/Integrativ005-300x135.jpg 300w, https:\/\/www.maestosoinconcert.com\/maestoso\/wp-content\/uploads\/2022\/10\/Integrativ005-768x347.jpg 768w\" sizes=\"(max-width: 750px) 100vw, 750px\" style=\"width:100%;height:45.12%;max-width:1024px\" \/>\t\t\t\t\t\t\t\t\t\t\t\t\t\t\t<\/div>\n\t\t\t\t<\/div>\n\t\t\t\t\t<\/div>\n\t\t<\/div>\n\t\t\t\t<div class=\"elementor-column elementor-col-50 elementor-top-column elementor-element elementor-element-960479a\" data-id=\"960479a\" data-element_type=\"column\">\n\t\t\t<div class=\"elementor-widget-wrap elementor-element-populated\">\n\t\t\t\t\t\t\t\t<div class=\"elementor-element elementor-element-5adeba0 elementor-widget elementor-widget-text-editor\" data-id=\"5adeba0\" data-element_type=\"widget\" data-widget_type=\"text-editor.default\">\n\t\t\t\t<div class=\"elementor-widget-container\">\n\t\t\t\t\t\t\t<p>Lerne das Pferd und dadurch auch Dich besser kennen!<\/p><p>Verbessere dadurch Deine Lebensqualit\u00e4t.<\/p>\t\t\t\t\t\t<\/div>\n\t\t\t\t<\/div>\n\t\t\t\t\t<\/div>\n\t\t<\/div>\n\t\t\t\t\t\t\t<\/div>\n\t\t<\/section>\n\t\t\t\t<section class=\"elementor-section elementor-top-section elementor-element elementor-element-ca47bbe elementor-section-boxed elementor-section-height-default elementor-section-height-default\" data-id=\"ca47bbe\" data-element_type=\"section\">\n\t\t\t\t\t\t<div class=\"elementor-container elementor-column-gap-default\">\n\t\t\t\t\t<div class=\"elementor-column elementor-col-50 elementor-top-column elementor-element elementor-element-39c1d0e\" data-id=\"39c1d0e\" data-element_type=\"column\">\n\t\t\t<div class=\"elementor-widget-wrap elementor-element-populated\">\n\t\t\t\t\t\t\t\t<div class=\"elementor-element elementor-element-7a6912f elementor-widget elementor-widget-image\" data-id=\"7a6912f\" data-element_type=\"widget\" data-widget_type=\"image.default\">\n\t\t\t\t<div class=\"elementor-widget-container\">\n\t\t\t\t\t\t\t\t\t\t\t\t\t\t\t<img decoding=\"async\" loading=\"lazy\" width=\"683\" height=\"1024\" src=\"https:\/\/www.maestosoinconcert.com\/maestoso\/wp-content\/uploads\/2022\/10\/Integrativ003-683x1024.jpg\" class=\"attachment-large size-large wp-image-346\" alt=\"\" srcset=\"https:\/\/www.maestosoinconcert.com\/maestoso\/wp-content\/uploads\/2022\/10\/Integrativ003-683x1024.jpg 683w, https:\/\/www.maestosoinconcert.com\/maestoso\/wp-content\/uploads\/2022\/10\/Integrativ003-200x300.jpg 200w, https:\/\/www.maestosoinconcert.com\/maestoso\/wp-content\/uploads\/2022\/10\/Integrativ003-768x1152.jpg 768w, https:\/\/www.maestosoinconcert.com\/maestoso\/wp-content\/uploads\/2022\/10\/Integrativ003.jpg 1024w\" sizes=\"(max-width: 683px) 100vw, 683px\" style=\"width:100%;height:150%;max-width:1024px\" \/>\t\t\t\t\t\t\t\t\t\t\t\t\t\t\t<\/div>\n\t\t\t\t<\/div>\n\t\t\t\t\t<\/div>\n\t\t<\/div>\n\t\t\t\t<div class=\"elementor-column elementor-col-50 elementor-top-column elementor-element elementor-element-3e61a39\" data-id=\"3e61a39\" data-element_type=\"column\">\n\t\t\t<div class=\"elementor-widget-wrap elementor-element-populated\">\n\t\t\t\t\t\t\t\t<div class=\"elementor-element elementor-element-f3ba87e elementor-widget elementor-widget-text-editor\" data-id=\"f3ba87e\" data-element_type=\"widget\" data-widget_type=\"text-editor.default\">\n\t\t\t\t<div class=\"elementor-widget-container\">\n\t\t\t\t\t\t\t<p>Gymnastik am Pferd st\u00e4rkt Deine Koordinationsf\u00e4higkeit. Dar\u00fcber hinaus findest Du in Deine Balance.<\/p><p>Wenn Du Verspannungen am R\u00fccken hast, kann diese unmittelbar gelockert werden.<\/p>\t\t\t\t\t\t<\/div>\n\t\t\t\t<\/div>\n\t\t\t\t\t<\/div>\n\t\t<\/div>\n\t\t\t\t\t\t\t<\/div>\n\t\t<\/section>\n\t\t\t\t<section class=\"elementor-section elementor-top-section elementor-element elementor-element-68d2f59 elementor-section-boxed elementor-section-height-default elementor-section-height-default\" data-id=\"68d2f59\" data-element_type=\"section\">\n\t\t\t\t\t\t<div class=\"elementor-container elementor-column-gap-default\">\n\t\t\t\t\t<div class=\"elementor-column elementor-col-100 elementor-top-column elementor-element elementor-element-7177a7d\" data-id=\"7177a7d\" data-element_type=\"column\">\n\t\t\t<div class=\"elementor-widget-wrap elementor-element-populated\">\n\t\t\t\t\t\t\t\t<div class=\"elementor-element elementor-element-02c93a0 elementor-widget elementor-widget-image\" data-id=\"02c93a0\" data-element_type=\"widget\" data-widget_type=\"image.default\">\n\t\t\t\t<div class=\"elementor-widget-container\">\n\t\t\t\t\t\t\t\t\t\t\t\t\t\t\t<img decoding=\"async\" loading=\"lazy\" width=\"750\" height=\"338\" src=\"https:\/\/www.maestosoinconcert.com\/maestoso\/wp-content\/uploads\/2022\/10\/Integrativ001.jpg\" class=\"attachment-large size-large wp-image-348\" alt=\"\" srcset=\"https:\/\/www.maestosoinconcert.com\/maestoso\/wp-content\/uploads\/2022\/10\/Integrativ001.jpg 1024w, https:\/\/www.maestosoinconcert.com\/maestoso\/wp-content\/uploads\/2022\/10\/Integrativ001-300x135.jpg 300w, https:\/\/www.maestosoinconcert.com\/maestoso\/wp-content\/uploads\/2022\/10\/Integrativ001-768x347.jpg 768w\" sizes=\"(max-width: 750px) 100vw, 750px\" style=\"width:100%;height:45.12%;max-width:1024px\" \/>\t\t\t\t\t\t\t\t\t\t\t\t\t\t\t<\/div>\n\t\t\t\t<\/div>\n\t\t\t\t\t<\/div>\n\t\t<\/div>\n\t\t\t\t\t\t\t<\/div>\n\t\t<\/section>\n\t\t\t\t\t\t\t<\/div>\n\t\t","protected":false},"excerpt":{"rendered":"<p>Lerne das Pferd und dadurch auch Dich besser kennen! Verbessere dadurch Deine Lebensqualit\u00e4t. Gymnastik am Pferd st\u00e4rkt Deine Koordinationsf\u00e4higkeit. Dar\u00fcber hinaus findest Du in Deine Balance. Wenn Du Verspannungen am R\u00fccken hast, kann diese unmittelbar gelockert werden.<\/p>\n","protected":false},"author":1,"featured_media":0,"parent":0,"menu_order":0,"comment_status":"closed","ping_status":"closed","template":"","meta":{"footnotes":""},"_links":{"self":[{"href":"https:\/\/www.maestosoinconcert.com\/maestoso\/wp-json\/wp\/v2\/pages\/343"}],"collection":[{"href":"https:\/\/www.maestosoinconcert.com\/maestoso\/wp-json\/wp\/v2\/pages"}],"about":[{"href":"https:\/\/www.maestosoinconcert.com\/maestoso\/wp-json\/wp\/v2\/types\/page"}],"author":[{"embeddable":true,"href":"https:\/\/www.maestosoinconcert.com\/maestoso\/wp-json\/wp\/v2\/users\/1"}],"replies":[{"embeddable":true,"href":"https:\/\/www.maestosoinconcert.com\/maestoso\/wp-json\/wp\/v2\/comments?post=343"}],"version-history":[{"count":4,"href":"https:\/\/www.maestosoinconcert.com\/maestoso\/wp-json\/wp\/v2\/pages\/343\/revisions"}],"predecessor-version":[{"id":353,"href":"https:\/\/www.maestosoinconcert.com\/maestoso\/wp-json\/wp\/v2\/pages\/343\/revisions\/353"}],"wp:attachment":[{"href":"https:\/\/www.maestosoinconcert.com\/maestoso\/wp-json\/wp\/v2\/media?parent=343"}],"curies":[{"name":"wp","href":"https:\/\/api.w.org\/{rel}","templated":true}]}}